) - -9
-5
Evaluate 1 + (2 - 1 - (4 + -5)).
3
What is the value of -1 - (-1 + 2 + -1) - -1?
0
Evaluate 8 + -8 + 1 - -3.
4
Evaluate -1 - (5 + -12 + 0 + 4).
2
Evaluate 5 + 1 - (1 + 2 - -1).
2
What is 3 + -3 + (-1 - -3)?
2
What is 1 - (1 - (2 - 3)) - 1?
-2
4 + (-1 + 8 - 5)
6
3 + (-9 - (-5 - -1)) - 0
-2
Calculate (-2 - (-6 + -1)) + (52 - 57).
0
Calculate 3 + (-1 - (7 - 3)).
-2
What is 2 + -1 + (16 - 15)?
2
Calculate 7 + 0 - (23 - 13).
-3
Evaluate 1 + 1 + (0 - 2).
0
What is -4 - 3 - -2 - -2?
-3
0 - 1 - (-7 - -2)
4
What is the value of (2 - (-4 + 14)) + 4?
-4
What is the value of 8 + -3 + 13 + -21?
-3
Calculate -9 - (-1 + (-12 - -5)).
-1
Calculate (3 - 2) + -5 + 7 + 2.
5
What is the value of (-6 - -17) + (13 - 29)?
-5
Calculate -13 + 1 - (-22 - (22 - 40)).
-8
What is the value of -34 + 16 + 3 + (9 - 2)?
-8
Calculate (-8 - (-1 + -4)) + 6.
3
(-7 - -7) + (7 - 2)
5
Evaluate 9 + (-2 + -1 - 4).
2
What is -8 + (0 - -2) + -1 - -8?
1
Evaluate 5 - (18 - 2) - (5 + -8).
-8
What is -6 + (8 - 0) + -10?
-8
Calculate (-18 - (-3 + -1)) + 8.
-6
What is (5 - 6) + (1 - 1) - 2?
-3
-4 - (-6 - -4 - 2)
0
Evaluate 1 - (9 + 3 - 4).
-7
2 - (4 + 1 + (2 - 4))
-1
What is the value of 2 + 0 - (6 + (-16 - -8))?
4
What is -1 - (5 + 2) - -12?
4
Evaluate ((1 - 4) + -2 - -5) + -3.
-3
(-1 - 0 - 0) + 2
1
-2 + (2 - (12 - 4) - -4)
-4
-1 - (6 - 2 - (-10 - -17))
2
Calculate -3 + -3 + 4 + 0.
-2
Evaluate -1 + (5 - -3) + -3 + -12.
-8
What is the value of 0 + 3 - (1 - (6 + -5))?
3
What is -13 - -8 - (2 + -2)?
-5
10 - (9 - (3 + -1))
3
2 + 0 + 35 + -42
-5
Calculate (-2 - 8 - (-1 - 5)) + 7.
3
Calculate -1 + 0 + (4 - 0).
3
What is -3 - -3 - (-3 + 1)?
2
(1 - 3) + (2 - (-3 + 6))
-3
-2 + 4 - 1 - 2 - -6
5
Evaluate -4 + (0 - 1) + 4 - -2.
1
What is -6 + -2 + (9 + -2 - 3)?
-4
Evaluate -5 - (-2 + -2 - 1) - 4.
-4
Evaluate -3 + -1 + (-2 + 3 - 2).
-5
Evaluate 8 + -6 + 5 + 1 + -2.
6
Evaluate 1 + -2 + -6 + 3 - -8.
4
What is the value of 1 - (-2 + (-2 - -2 - -5))?
-2
What is the value of -13 - (-1 - (6 + 1))?
-5
-5 + 8 + (0 - 4)
-1
What is 13 + -12 - (3 + -10)?
8
(-1 - (4 + 0)) + (-3 - -7)
-1
Evaluate 5 - (6 + 5 + -5) - -7.
6
What is 5 + (-8 - 1) + (0 - -2)?
-2
What is -7 + (-6 - (-21 - -7)) + 7?
8
What is the value of 0 - (-3 + 4 + -4)?
3
What is -3 - (4 + 1 - (-2 - -12))?
2
Calculate -1 + 17 - (-236 + 250).
2
Evaluate 6 + 6 + -1 + -6.
5
6 + (1 - 0) + -3
4
3 - (-18 - -26 - (2 - 1))
-4
Evaluate 11 + -14 + 1 + 6.
4
-5 + 0 + 0 + 10 + -1
4
Evaluate -6 - (4 - -1 - 6 - 3).
-2
(-2 - -4 - (-4 - -2)) + -6
-2
4 + 1 - (0 + 8)
-3
Calculate 14 + -5 + -9 + 1 + 0.
1
Evaluate -5 + 5 + (-2 - 4).
-6
What is -4 + -6 + 4 + -8 + 8?
-6
Calculate (-11 - -13) + -7 + 1.
-4
(3 - 0) + (74 - 85)
-8
Evaluate -4 + 1 + (-20 - -26) + 3.
6
Calculate 0 - 3 - -2 - (-6 + 9).
-4
What is the value of 2 - (16 + -13 + 0 + -1)?
0
What is the value of 8 + (19 + -10 - 23)?
-6
Evaluate 1 - (2 - (3 + -8)).
-6
What is the value of -10 + 14 + -7 + -1?
-4
-3 + (13 + 0 - 9)
1
-4 - ((3 - -2) + (2 - 6))
-5
What is -2 - (-2 + 0 + 5 + -1)?
-4
12 + -8 + 2 - 6
0
What is 6 + 3 + (-3 + 3 - 4)?
5
What is -1 - (0 + 2 + -2 + -1)?
0
What is the value of 9 - 3 - (12 + -4)?
-2
(4 + -2 - 5) + 7
4
What is the value of 2 - 13 - (-6 - -11 - 11)?
-5
Evaluate -2 + -2 + 2 - (-1 - -4).
-5
Calculate -18 - -12 - (-1 + -1).
-4
What is the value of 10 + -3 - (1 - -4)?
2
What is 4 + -2 + (-2 - 5) - -7?
2
-1 + -3 + 16 + -7
5
2 + 0 + (-4 - -8) - 8
-2
What is -3 - ((0 - (-7 - -6)) + 1)?
-5
Evaluate (2 - 3 - -10) + -12.
-3
(0 - (2 - 1)) + (-2 - 0)
-3
Evaluate (5 - 3 - -2) + -8.
-4
Calculate 3 + -7 - (4 + -7).
-1
10 - (13 - (1 + 5))
3
Evaluate 0 - -4 - 5 - (0 - 1).
0
What is the value of 11 + -8 + 5 + (0 - -3)?
11
1 + 6 + -2 + -2
3
What is the value of -13 - -12 - (-1 + 5)?
-5
What is (3 - -3 - 6) + 1?
1
Calculate (-18 + 4 - -20) + 0 + -9.
-3
What is the value of 0 + 15 + (-21 - -15)?
9
What is ((0 - -4) + -5 - -7) + -6?
0
What is (4 - -3) + -6 - 7?
-6
-13 + 8 + 9 + -9
-5
Evaluate 1 - 2 - (-3 - (4 - 7)).
-1
What is -4 + (4 - (2 - -2))?
-4
Calculate -43 - -35 - (3 + -19 - -2).
6
Calculate 6 - 0 - (30 - 19).
-5
What is the value of (-2 - 4) + (4 - -1) + -2?
-3
What is -9 + (10 - (6 - 13))?
8
What is the value of -3 - (-11 - -4) - 1?
3
What is 3 - (2 + 3 + 0 + -4)?
2
What is the value of 3 - (-1 + 7 + -1) - -4?
2
-8 - -2 - -6 - (5 - 6)
1
4 + 6 + -5 + -4
1
What is the value of -3 + (4 - 6) + 3?
-2
-3 - (10 + -7 + -8)
2
What is (5 - 6 - -1) + 6?
6
5 + (9 + -10 - 1)
3
What is -10 - (8 + -15) - -3?
0
What is 4 - (-3 - (-5 + 1))?
3
What is (0 - 2) + 66 + -62?
2
What is (7 - 0) + -1 - (79 - 78)?
5
What is the value of (-11 - -21 - 13) + (0 - -1)?
-2
Evaluate -4 + -2 + 6 - (1 - -3).
-4
What is 1 - 3 - (-2 + 1 + 0)?
-1
Evaluate 0 + 1 - ((1 - 5) + 4).
1
6 + -3 - 0 - (-2 - -1)
4
3 - (-7 + 23 + -8)
-5
6 + -2 + (-1 - -3 - 5)
1
What is -1 + 0 + 4 - (-2 - -1)?
4
Evaluate -15 + -11 + 21 - 3.
-8
Evaluate 1 + (-6 - (-6 + 3)) + 0.
-2
-4 + 2 - (1 - -2)
-5
What is 0 + (-2 - (-3 - -5))?
-4
Evaluate (-4 + -2 - -5) + -4 + 3.
-2
What is the value of (-133 - -134) + -1 + 0 + -4?
-4
Evaluate -24 + 25 - (0 - (4 - 1)).
4
-1 + (2 - -10) + (-18 - -15)
8
What is 175 - 165 - (0 - -1)?
9
Calculate 0 - -4 - (-3 + 6).
1
What is the value of (-8 - -1 - -5) + 3 + 1?
2
What is the value of -1 - (-6 - (-19 - -10))?
-4
What is 7 - (14 - -5) - -8?
-4
What is the value of -3 + 3 + 1 + -1?
0
What is -4 - -3 - 7 - (-15 - -9)?
-2
What is the value of (12 - 5) + -8 + 7?
6
What is the value of 2 + 0 - (-4 - -3)?
3
What is -7 + 2 - (0 + -10)?
5
Evaluate 2 - -1 - (13 + -3 + -6).
-1
Calculate 3 - (-7 + 0 + 12).
-2
(3 - 7) + 2 - (-1 + -1)
0
Evaluate 0 + -4 + 1 + 7.
4
What is 7 - (-7 - -7) - 5?
2
What is the value of 7 + (6 - (9 + 3 + 0))?
1
What is the value of (2 - -2) + -9 + (2 - 0)?
-3
0 + 1 - 5 - (-79 + 69)
6
What is the value of -1 + 5 + 1 + -5?
0
What is the value of 0 - 3 - (7 + -5)?
-5
Calculate -3 + 9 + (-5 - 4).
-3
2 - (-2 - (-5 + 3))
2
1 + 7 - (7 + -3)
4
Evaluate 0 + -5 + -2 + 3.
-4
(1 - (-4 - -9)) + 5
1
What is 2 + (2 - 1) + -4?
-1
-2 + (4 - (-4 + 5))
1
What is -12 + 2 + (10 - 4)?
-4
What is the value of 18 - 20 - (5 - -3)?
-10
What is the value of 5 - 0 - (16 + -6)?
-5
Calculate 3 - ((1 - (1 - 2)) + 0).
1
Evaluate 0 + -1 + -1 + (5 - 3).
0
Calculate -6 - (6 + (-11 - 5)).
4
What is the value of 11 + ((1 - 4) + -6 - -4)?
6
3 + 0 + 3 - 3
3
Evaluate -3 + (-3 - 0) - -9.
3
10 + -13 - (-8 - -12)
-7
-6 - (-3 - -1) - -5
1
Calculate -1 + (1 + -1 - (1 + -4)).
2
-1 + (-3 - (1 + 0) - 0)
-5
What is (-12 - -18) + (4 + -9 - -4)?
5
Calculate -7 + (9 - 11) + (7 - 1).
-3
Calculate 7 - 2 - 1 - 5.
-1
-4 - (-4 - (-4 - -6)) - 3
-1
What is the value of -56 - -51 - ((-1 - 1) + -2)?
-1
What is (12 + -13 - (2 - -1)) + 3?
-1
8 - 0 - (48 + -32)
-8
-7 - -2 - (-3 - (-3 - -6))
1
What is the value of -9 + (-2 - -5 - -1)?
-5
Evaluate 6 + 3 + (-2 - (2 - 0)).
5
What is 1 + 8 + (-15 - -4)?
-2
What is -3 + (0 - (2 + -4))?
-1
What is the value of -49 + 44 + (-2 - -3 - 0)?
-4
Calculate -8 + 3 - (1 - -1 - 5).
-2
Evaluate (2 - -6 - 6) + -1.
1
1 + 0 + 0 + 0 + 1
2
(1 - 1) + (-2 - (-7 + 1))
4
What is 1 + (2 - -2) + 0?
5
What is 1 + (-8 - -6) + -2 + 4?
1
Evaluate 13 - 10 - (-1 - 0).
4
What is 11 - 4 - (-8 - -4 - -5)?
6
Evaluate -9 + (8 - 3) + (-3 - -2).
-5
Evaluate -5 - (-7 - -7) - -1.
-4
What is the value of -9 - ((-2 - 17) + 7)?
3
Evaluate -4 + 4 + 4 + -9.
-5
Evaluate 1 + -2 - (-1 + -3).
3
-5 - (5 - 7) - 2
-5
What is (-2 - -7) + -2 + 1?
4
What is -1 + -1 + 8 + -9?
-3
What is (-4 - 0) + (9 - 1) - 6?
-2
What is the value of 5 + -6 - (0 - (0 + -4))?
-5
Calculate (-1 - 0) + (-5 - (-9 + 2)).
1
What is the value of 2 + 3 + -1 + -4?
0
Evaluate -5 + (0 + (3 - 4) - 0).
-6
Evaluate -1 + -1 + 0 - (1 + -1).
-2
What is 2 - 2 - 5 - -2?
-3
4 + 0 + 16 + -5 + -16
-1
Calculate (-2 - 3) + (-4 - -13).
4
Calculate 13 - ((-10 - -8) + 12).
3
Calculate 8 + -8 + (5 - 5) + 7.
7
What is -5 + -1 + (6 - (14 - 5))?
-9
Evaluate (-2 - 8) + 7 - -7.
4
4 - (2 - -1) - (2 - -2)
-3
Evaluate 4 + (0 - (1 - 0)).
3
Evaluate (29 + -14 - 6) + -8.
1
Calculate 0 - 9 - (-5 + 0 + 1).
-5
What is -10 + -4 - (-5 + -2)?
-7
Calculate -5 + 3 - (1 + -4).
1
What is the value of (-3 - (6 - 5)) + 1?
-3
Evaluate 6 - (3 + (2 - -2 - -5)).
-6
What is the value of (1 - -1) + -2 + (-5 - -9)?
4
0 - 0 - (-5 + -1 + 5)
1
What is 6 + (-3 